{"id":678,"date":"2024-02-08T16:55:16","date_gmt":"2024-02-08T15:55:16","guid":{"rendered":"https:\/\/sensorarrays.com.pl\/?page_id=678"},"modified":"2025-03-27T13:18:24","modified_gmt":"2025-03-27T12:18:24","slug":"emilia-witkowska-nery","status":"publish","type":"page","link":"https:\/\/sensorarrays.com.pl\/?page_id=678","title":{"rendered":"Emilia Witkowska Nery"},"content":{"rendered":"\n<div class=\"wp-block-columns is-layout-flex wp-container-core-columns-is-layout-9d6595d7 wp-block-columns-is-layout-flex\">\n<div class=\"wp-block-column is-layout-flow wp-block-column-is-layout-flow\" style=\"flex-basis:33.33%\">\n<figure class=\"wp-block-image size-full\" id=\"Emilia-Witkowska-Nery\"><img loading=\"lazy\" decoding=\"async\" width=\"279\" height=\"396\" src=\"https:\/\/sensorarrays.com.pl\/wp-content\/uploads\/2024\/02\/image-48.png\" alt=\"\" class=\"wp-image-680\" srcset=\"https:\/\/sensorarrays.com.pl\/wp-content\/uploads\/2024\/02\/image-48.png 279w, https:\/\/sensorarrays.com.pl\/wp-content\/uploads\/2024\/02\/image-48-211x300.png 211w\" sizes=\"auto, (max-width: 279px) 100vw, 279px\" \/><figcaption class=\"wp-element-caption\">Emilia Witkowska Nery<sub> <\/sub><br><sub>(drawing by Marlena Kruk)<\/sub><\/figcaption><\/figure>\n<\/div>\n\n\n\n<div class=\"wp-block-column is-layout-flow wp-block-column-is-layout-flow\" style=\"flex-basis:66.66%\">\n<p id=\"Emilia-Witkowska-Nery\">I consider myself an analytical chemist with a passion for biology and engineering. My research topics roam around multielectrode arrays, electronic tongues, liquid-liquid electrochemistry, and low-cost sensors. After completing High School of Arts I decided to change from art to chemistry. I\u2019ve enrolled on joined BSc\/MSc programme the Warsaw University of Technology, where I first came across electronic tongue systems \u2013 arrays of sensors used instead of expert panels for automatic food analysis. At that time, I learned how to operate with cell cultures, create flow models in Comsol Multiphysics, and scratch the surface of multivariate data analysis. During laboratory internships in Poland and abroad, I got acquainted with work with different types of biological material: insects, protozoa, yeasts, and DNA. <\/p>\n<\/div>\n<\/div>\n\n\n\n<p>I started my PhD studies at the University of Campinas in Brazil, where I developed my engineering skills by designing paper-based analytical systems that could be produced and used in places without access to advanced analytical laboratories (point-of-care tests). My thesis entitled \u201eAnalysis of samples of clinical and alimentary interest with paper-based devices.\u201d written under the supervision of prof. Lauro Tatsuo Kubota was recognized with a Springer Theses award and published as a book. Ideas developed during that time allowed me to open a start-up company, Sensoliq Sp.zo.o. and triggered pop-science interest in the e-tongue technology with radio, journal, and blog interviews(i.e., Wired <a href=\"https:\/\/www.wired.com\/story\/give-the-robots-electronic-tongues\/\">\u201cGive the Robots Electronic Tongues\u201d<\/a>). Due to a severe condition of my at that time, unborn yet twins, I had to resign from a postdoc opportunity and come back to Poland. After the situation was under control, I found employment at the Institute of Physical Chemistry, Polish Academy of Sciences, where I still work today. During the work in the group of Martin J\u00f6nsson-Niedzi\u00f3\u0142ka, I have greatly expanded my understanding of voltammetric electroanalysis and discovered ion-transfer voltammetry. From January 2023 I\u2019m leading the Sensor Arrays group.&nbsp;<\/p>\n\n\n\n<figure class=\"wp-block-image size-large\"><img loading=\"lazy\" decoding=\"async\" width=\"1024\" height=\"305\" src=\"https:\/\/sensorarrays.com.pl\/wp-content\/uploads\/2024\/02\/image-59-1024x305.png\" alt=\"\" class=\"wp-image-713\" srcset=\"https:\/\/sensorarrays.com.pl\/wp-content\/uploads\/2024\/02\/image-59-1024x305.png 1024w, https:\/\/sensorarrays.com.pl\/wp-content\/uploads\/2024\/02\/image-59-300x89.png 300w, https:\/\/sensorarrays.com.pl\/wp-content\/uploads\/2024\/02\/image-59-768x229.png 768w, https:\/\/sensorarrays.com.pl\/wp-content\/uploads\/2024\/02\/image-59-1536x458.png 1536w, https:\/\/sensorarrays.com.pl\/wp-content\/uploads\/2024\/02\/image-59-2048x611.png 2048w, https:\/\/sensorarrays.com.pl\/wp-content\/uploads\/2024\/02\/image-59-850x253.png 850w\" sizes=\"auto, (max-width: 1024px) 100vw, 1024px\" \/><figcaption class=\"wp-element-caption\">When not working I like to spend time with my husband and four kids, do sports, paint and read.<\/figcaption><\/figure>\n\n\n\n<div class=\"wp-block-columns is-layout-flex wp-container-core-columns-is-layout-9d6595d7 wp-block-columns-is-layout-flex\">\n<div class=\"wp-block-column is-layout-flow wp-block-column-is-layout-flow\"><div class=\"wp-block-image\">\n<figure class=\"aligncenter size-large is-resized\"><a href=\"https:\/\/www.scopus.com\/authid\/detail.uri?authorId=57217490007\" target=\"_blank\" rel=\"noreferrer noopener\"><img loading=\"lazy\" decoding=\"async\" width=\"1024\" height=\"300\" src=\"https:\/\/sensorarrays.com.pl\/wp-content\/uploads\/2024\/02\/image-66-1024x300.png\" alt=\"\" class=\"wp-image-724\" style=\"width:174px;height:auto\" srcset=\"https:\/\/sensorarrays.com.pl\/wp-content\/uploads\/2024\/02\/image-66-1024x300.png 1024w, https:\/\/sensorarrays.com.pl\/wp-content\/uploads\/2024\/02\/image-66-300x88.png 300w, https:\/\/sensorarrays.com.pl\/wp-content\/uploads\/2024\/02\/image-66-768x225.png 768w, https:\/\/sensorarrays.com.pl\/wp-content\/uploads\/2024\/02\/image-66-850x249.png 850w, https:\/\/sensorarrays.com.pl\/wp-content\/uploads\/2024\/02\/image-66.png 1061w\" sizes=\"auto, (max-width: 1024px) 100vw, 1024px\" \/><\/a><\/figure>\n<\/div><\/div>\n\n\n\n<div class=\"wp-block-column is-layout-flow wp-block-column-is-layout-flow\">\n<figure class=\"wp-block-image size-full is-resized\"><a href=\"https:\/\/scholar.google.com\/citations?user=uugrHNMAAAAJ&amp;hl=pl\" target=\"_blank\" rel=\"noreferrer noopener\"><img loading=\"lazy\" decoding=\"async\" width=\"499\" height=\"90\" src=\"https:\/\/sensorarrays.com.pl\/wp-content\/uploads\/2024\/02\/image-64.png\" alt=\"\" class=\"wp-image-721\" style=\"width:273px;height:auto\" srcset=\"https:\/\/sensorarrays.com.pl\/wp-content\/uploads\/2024\/02\/image-64.png 499w, https:\/\/sensorarrays.com.pl\/wp-content\/uploads\/2024\/02\/image-64-300x54.png 300w\" sizes=\"auto, (max-width: 499px) 100vw, 499px\" \/><\/a><\/figure>\n<\/div>\n\n\n\n<div class=\"wp-block-column is-layout-flow wp-block-column-is-layout-flow\"><div class=\"wp-block-image\">\n<figure class=\"aligncenter size-full is-resized\"><a href=\"https:\/\/orcid.org\/0000-0003-3152-8070\" target=\"_blank\" rel=\"noreferrer noopener\"><img loading=\"lazy\" decoding=\"async\" width=\"365\" height=\"117\" src=\"https:\/\/sensorarrays.com.pl\/wp-content\/uploads\/2024\/02\/image-67.png\" alt=\"\" class=\"wp-image-725\" style=\"width:165px;height:auto\" srcset=\"https:\/\/sensorarrays.com.pl\/wp-content\/uploads\/2024\/02\/image-67.png 365w, https:\/\/sensorarrays.com.pl\/wp-content\/uploads\/2024\/02\/image-67-300x96.png 300w\" sizes=\"auto, (max-width: 365px) 100vw, 365px\" \/><\/a><\/figure>\n<\/div><\/div>\n<\/div>\n\n\n\n<p><strong>Supervision<\/strong><\/p>\n\n\n\n<figure class=\"wp-block-table has-small-font-size\"><table><tbody><tr><td><\/td><td><strong>BSc theses<\/strong><\/td><\/tr><tr><td>2019<\/td><td>Daniel Duszak, \u201eElektrochemia w uk\u0142adach mikroprzep\u0142ywowych wyposa\u017conych w tr\u00f3jwymiarowe matryce elektrod\u201d, Cardinal Stefan Wyszy\u0144ski University, Institute of Chemical Sciences<\/td><\/tr><tr><td>2020<\/td><td>Wojciech Mazurkiewicz \u201cMikroelektrody do pomiaru dopaminy, serotoniny i glutaminianu w hodowlach kom\u00f3rkowych i in vivo\u201d, Warsaw University of Technology, Faculty of Chemical and Process Engineering, supervisor together with prof. Tomasz Ciach<\/td><\/tr><tr><td><\/td><td><strong>MSc theses<\/strong><\/td><\/tr><tr><td>2020<\/td><td>Zuzanna Zambrowska, \u201eBadanie warstw ochronnych elektrod umo\u017cliwiaj\u0105cych d\u0142ugotrwa\u0142e pomiary elektrochemiczne w warunkach in vitro.\u201d ,Warsaw University of Life Sciences \u2013 SGGW, Faculty of Animal Sciences<\/td><\/tr><tr><td>2021<\/td><td>Wojciech Mazurkiewicz, \u201eAnaliza elektrochemiczna elektrod z w\u0119gla szklistego modyfikowanych materia\u0142ami w\u0119glowymi pod k\u0105tem czu\u0142o\u015bci i selektywno\u015bci detekcji zwi\u0105zk\u00f3w chemicznych o znaczeniu biologicznym\u201d , Warsaw University of Technology, Faculty of Chemical and Process Engineering, supervisor together with prof. Artur Ma\u0142olepszy<\/td><\/tr><tr><td><\/td><td><strong>PhD theses<\/strong><\/td><\/tr><tr><td>2020<\/td><td>Marta Podra\u017cka, \u201eNovel Systems for Ion-Transfer Studies\u201d Institute of Physical Chemistry Polish Academy of Sciences, auxiliary supervisor together with Martin J\u00f6nsson-Niedzi\u00f3\u0142ka<\/td><\/tr><\/tbody><\/table><\/figure>\n\n\n\n<figure class=\"wp-block-image size-large\"><img loading=\"lazy\" decoding=\"async\" width=\"1024\" height=\"399\" src=\"https:\/\/sensorarrays.com.pl\/wp-content\/uploads\/2024\/02\/image-56-1024x399.png\" alt=\"\" class=\"wp-image-696\" srcset=\"https:\/\/sensorarrays.com.pl\/wp-content\/uploads\/2024\/02\/image-56-1024x399.png 1024w, https:\/\/sensorarrays.com.pl\/wp-content\/uploads\/2024\/02\/image-56-300x117.png 300w, https:\/\/sensorarrays.com.pl\/wp-content\/uploads\/2024\/02\/image-56-768x299.png 768w, https:\/\/sensorarrays.com.pl\/wp-content\/uploads\/2024\/02\/image-56-1536x598.png 1536w, https:\/\/sensorarrays.com.pl\/wp-content\/uploads\/2024\/02\/image-56-850x331.png 850w, https:\/\/sensorarrays.com.pl\/wp-content\/uploads\/2024\/02\/image-56.png 2000w\" sizes=\"auto, (max-width: 1024px) 100vw, 1024px\" \/><figcaption class=\"wp-element-caption\"><strong>Research visits, laboratory internships<\/strong><br>2018, 2019, 2021 (\u2211 1 month) visiting scientist EPFLValais Wallis\/\u00c9cole polytechnique f\u00e9d\u00e9rale de Lausanne\/Sion, Switzerland<br>19\/11 \u2013 26\/11\/2018 Erasmus+ laboratory visitor, Oxford Neuroscience\/University of Oxford\/ Oxford, England<br>23\/09 \u2013 30\/09\/2017 Erasmus+ laboratory visitor, Faculty of Chemistry and Chemical Engineering \/Chalmers University\/Gothenburg,Sweden<br>10\/2010 \u2013 12\/2010 Trainee, Jiliang University, Faculty of Life Sciences, Hangzhou, China<br>07\/2008 \u2013 09\/2008 Trainee, University of S\u00e3o Paulo, Biomedical Science Institute, S\u00e3o Paulo, Brazil<br>03\/2008 \u2013 04\/2008 Trainee, Institute of Biochemistry and Biophysics, Polish Academy of Sciences, Genetics Department, Poland<br>11\/2007 \u2013 01\/2008 Trainee, Institute of Biochemistry and Biophysics, Polish Academy of Sciences, Laboratory of Antymetabolites, Poland<\/figcaption><\/figure>\n","protected":false},"excerpt":{"rendered":"<p>I consider myself an analytical chemist with a passion for biology and engineering. My research topics roam around multielectrode arrays, electronic tongues, liquid-liquid electrochemistry, and low-cost sensors. After completing High School of Arts I decided to change from art to chemistry. I\u2019ve enrolled on joined BSc\/MSc programme the Warsaw University of Technology, where I first&#8230;<\/p>\n","protected":false},"author":1,"featured_media":0,"parent":0,"menu_order":0,"comment_status":"closed","ping_status":"closed","template":"","meta":{"footnotes":""},"class_list":["post-678","page","type-page","status-publish","hentry"],"_links":{"self":[{"href":"https:\/\/sensorarrays.com.pl\/index.php?rest_route=\/wp\/v2\/pages\/678","targetHints":{"allow":["GET"]}}],"collection":[{"href":"https:\/\/sensorarrays.com.pl\/index.php?rest_route=\/wp\/v2\/pages"}],"about":[{"href":"https:\/\/sensorarrays.com.pl\/index.php?rest_route=\/wp\/v2\/types\/page"}],"author":[{"embeddable":true,"href":"https:\/\/sensorarrays.com.pl\/index.php?rest_route=\/wp\/v2\/users\/1"}],"replies":[{"embeddable":true,"href":"https:\/\/sensorarrays.com.pl\/index.php?rest_route=%2Fwp%2Fv2%2Fcomments&post=678"}],"version-history":[{"count":22,"href":"https:\/\/sensorarrays.com.pl\/index.php?rest_route=\/wp\/v2\/pages\/678\/revisions"}],"predecessor-version":[{"id":996,"href":"https:\/\/sensorarrays.com.pl\/index.php?rest_route=\/wp\/v2\/pages\/678\/revisions\/996"}],"wp:attachment":[{"href":"https:\/\/sensorarrays.com.pl\/index.php?rest_route=%2Fwp%2Fv2%2Fmedia&parent=678"}],"curies":[{"name":"wp","href":"https:\/\/api.w.org\/{rel}","templated":true}]}}