{"id":887,"date":"2024-07-18T21:58:30","date_gmt":"2024-07-18T19:58:30","guid":{"rendered":"https:\/\/sensorarrays.com.pl\/?page_id=887"},"modified":"2024-07-18T22:01:35","modified_gmt":"2024-07-18T20:01:35","slug":"unlocking-the-potential-of-ion-transfer-voltammetry-based-electronic-tongues-for-date-rape-drug-detection-in-real-samples","status":"publish","type":"page","link":"https:\/\/sensorarrays.com.pl\/?page_id=887","title":{"rendered":"Unlocking the potential of ion-transfer voltammetry based electronic tongues for date-rape drug detection in real samples"},"content":{"rendered":"\n<p><strong>Polish&nbsp;title<\/strong>:\u202fWykorzystanie jonoczu\u0142ych sond woltamperometrycznych w uk\u0142adach typu elektroniczny j\u0119zyk do wykrywania pigu\u0142ek gwa\u0142tu w pr\u00f3bkach rzeczywistych<\/p>\n\n\n\n<p><strong>Funding source:<\/strong>\u202fNational Science Centre Poland (NCN)<\/p>\n\n\n\n<p><strong>Project number:<\/strong>\u202f2023\/50\/E\/ST4\/00639<\/p>\n\n\n\n<p><strong>PI:<\/strong>\u202fEmilia&nbsp;Witkowska&nbsp;Nery<\/p>\n\n\n\n<p><strong>Total funding:<\/strong>\u202f2 788 554,00&nbsp;PLN<\/p>\n\n\n\n<p><strong>Timeframe:&nbsp;<\/strong>01\/08\/2024 -31\/07\/2029&nbsp;<\/p>\n\n\n\n<h2 class=\"wp-block-heading\">Short description<\/h2>\n\n\n\n<p>The primary objective is to develop an electronic tongue based on redox- and ion-sensitive voltammetric sensors. These sensors will be rigorously tested on real samples of drugs and food products. The resulting system will enhance the understanding of designing sensor arrays for detecting non-trivial analytes in samples with varying background signals, such as pollutants in wastewater, pesticides in food, and biomarkers in body fluids.<\/p>\n\n\n\n<figure class=\"wp-block-image\"><img loading=\"lazy\" decoding=\"async\" width=\"1024\" height=\"299\" src=\"https:\/\/sensorarrays.com.pl\/wp-content\/uploads\/2024\/07\/image-4-1024x299.png\" alt=\"\" class=\"wp-image-872\" srcset=\"https:\/\/sensorarrays.com.pl\/wp-content\/uploads\/2024\/07\/image-4-1024x299.png 1024w, https:\/\/sensorarrays.com.pl\/wp-content\/uploads\/2024\/07\/image-4-300x88.png 300w, https:\/\/sensorarrays.com.pl\/wp-content\/uploads\/2024\/07\/image-4-768x224.png 768w, https:\/\/sensorarrays.com.pl\/wp-content\/uploads\/2024\/07\/image-4-850x248.png 850w, https:\/\/sensorarrays.com.pl\/wp-content\/uploads\/2024\/07\/image-4.png 1330w\" sizes=\"auto, (max-width: 1024px) 100vw, 1024px\" \/><\/figure>\n\n\n\n<p>Date-rape drugs, which can incapacitate individuals and make them vulnerable to theft and sexual assault, pose significant detection challenges due to their lack of color, taste, and odor, as well as their short half-life in the body. Prevention, rather than post-hoc analysis, is crucial. Providing potential victims with a means to detect these drugs using specialized sensors is a practical approach.<\/p>\n\n\n\n<div class=\"wp-block-columns is-layout-flex wp-container-core-columns-is-layout-9d6595d7 wp-block-columns-is-layout-flex\">\n<div class=\"wp-block-column is-layout-flow wp-block-column-is-layout-flow\" style=\"flex-basis:33.33%\">\n<figure class=\"wp-block-image\"><img loading=\"lazy\" decoding=\"async\" width=\"1024\" height=\"683\" src=\"http:\/\/sensorarrays.com.pl\/wp-content\/uploads\/2024\/07\/image-3-1024x683.png\" alt=\"\" class=\"wp-image-871\" srcset=\"https:\/\/sensorarrays.com.pl\/wp-content\/uploads\/2024\/07\/image-3-1024x683.png 1024w, https:\/\/sensorarrays.com.pl\/wp-content\/uploads\/2024\/07\/image-3-300x200.png 300w, https:\/\/sensorarrays.com.pl\/wp-content\/uploads\/2024\/07\/image-3-768x512.png 768w, https:\/\/sensorarrays.com.pl\/wp-content\/uploads\/2024\/07\/image-3-850x567.png 850w, https:\/\/sensorarrays.com.pl\/wp-content\/uploads\/2024\/07\/image-3.png 1367w\" sizes=\"auto, (max-width: 1024px) 100vw, 1024px\" \/><\/figure>\n<\/div>\n\n\n\n<div class=\"wp-block-column is-layout-flow wp-block-column-is-layout-flow\" style=\"flex-basis:66.66%\">\n<p>However, the variety of molecules involved (such as gamma-hydroxybutyric acid, gamma-butyrolactone, butane-1,4-diol, and benzodiazepines) and the wide range of sample types (including alcoholic and non-alcoholic beverages and food) complicate the development of a comprehensive detection solution.<\/p>\n<\/div>\n<\/div>\n\n\n\n<p>The project involves collaboration with forensic labs and two laboratories in Spain specializing in recognition molecules and nanomaterials.<\/p>\n\n\n\n<p>The proposed project will be divided into two parts, each developed by a PhD student with the help of the supervisor and MSc\/BSc students. One person will be responsible for the development of a versatile electronic tongue by testing redox and ion sensors for the detection of date rape drugs, food measurement and algorithm development. The main objectives will be to test the limits of the setup, analyse the requirements for classification (presence of any drug (Y\/N)), qualitative (type of drug present) and quantitative analysis (type and amount of drug present) and last but not least to develop guidelines for other complex samples. The other PhD student will work on the development of a point-of-care device. Initially, the focus will be on miniaturising the ion sensor into a paper-based format and testing model compounds. Next, the use of the miniaturised sensor to detect date rape drugs and finally the development of a point-of-care electronic tongue. The main objectives for this part of the project will be to develop a method for paper-based label-free monitoring of ionic species and later to test which setup is most versatile for Y\/N classification (has smallest footprint, least troublesome electrodes, long shelf life, able to perform repeated measurements).&nbsp;<\/p>\n","protected":false},"excerpt":{"rendered":"<p>Polish&nbsp;title:\u202fWykorzystanie jonoczu\u0142ych sond woltamperometrycznych w uk\u0142adach typu elektroniczny j\u0119zyk do wykrywania pigu\u0142ek gwa\u0142tu w pr\u00f3bkach rzeczywistych Funding source:\u202fNational Science Centre Poland (NCN) Project number:\u202f2023\/50\/E\/ST4\/00639 PI:\u202fEmilia&nbsp;Witkowska&nbsp;Nery Total funding:\u202f2 788 554,00&nbsp;PLN Timeframe:&nbsp;01\/08\/2024 -31\/07\/2029&nbsp; Short description The primary objective is to develop an electronic tongue based on redox- and ion-sensitive voltammetric sensors. These sensors will be rigorously tested&#8230;<\/p>\n","protected":false},"author":1,"featured_media":0,"parent":0,"menu_order":0,"comment_status":"closed","ping_status":"closed","template":"","meta":{"footnotes":""},"class_list":["post-887","page","type-page","status-publish","hentry"],"_links":{"self":[{"href":"https:\/\/sensorarrays.com.pl\/index.php?rest_route=\/wp\/v2\/pages\/887","targetHints":{"allow":["GET"]}}],"collection":[{"href":"https:\/\/sensorarrays.com.pl\/index.php?rest_route=\/wp\/v2\/pages"}],"about":[{"href":"https:\/\/sensorarrays.com.pl\/index.php?rest_route=\/wp\/v2\/types\/page"}],"author":[{"embeddable":true,"href":"https:\/\/sensorarrays.com.pl\/index.php?rest_route=\/wp\/v2\/users\/1"}],"replies":[{"embeddable":true,"href":"https:\/\/sensorarrays.com.pl\/index.php?rest_route=%2Fwp%2Fv2%2Fcomments&post=887"}],"version-history":[{"count":2,"href":"https:\/\/sensorarrays.com.pl\/index.php?rest_route=\/wp\/v2\/pages\/887\/revisions"}],"predecessor-version":[{"id":891,"href":"https:\/\/sensorarrays.com.pl\/index.php?rest_route=\/wp\/v2\/pages\/887\/revisions\/891"}],"wp:attachment":[{"href":"https:\/\/sensorarrays.com.pl\/index.php?rest_route=%2Fwp%2Fv2%2Fmedia&parent=887"}],"curies":[{"name":"wp","href":"https:\/\/api.w.org\/{rel}","templated":true}]}}